{"id":29,"date":"2018-02-21T17:17:45","date_gmt":"2018-02-21T17:17:45","guid":{"rendered":"https:\/\/opticalojadafabrica.com.br\/?page_id=29"},"modified":"2024-09-28T19:19:13","modified_gmt":"2024-09-28T19:19:13","slug":"produtos","status":"publish","type":"page","link":"https:\/\/opticalojadafabrica.com.br\/?page_id=29","title":{"rendered":"Produtos"},"content":{"rendered":"\t\t<div data-elementor-type=\"wp-page\" data-elementor-id=\"29\" class=\"elementor elementor-29\">\n\t\t\t\t<div class=\"elementor-element elementor-element-6a5dc74 e-flex e-con-boxed e-con e-parent\" data-id=\"6a5dc74\" data-element_type=\"container\">\n\t\t\t\t\t<div class=\"e-con-inner\">\n\t\t<div class=\"elementor-element elementor-element-6c6abd7 e-grid e-con-full e-con e-child\" data-id=\"6c6abd7\" data-element_type=\"container\">\n\t\t\t\t<div class=\"elementor-element elementor-element-8641ffc elementor-widget elementor-widget-text-editor\" data-id=\"8641ffc\" data-element_type=\"widget\" data-widget_type=\"text-editor.default\">\n\t\t\t\t<div class=\"elementor-widget-container\">\n\t\t\t\t\t\t\t\t\t<p><strong>\u00d3culos de Grau:<\/strong> Oferecemos uma ampla sele\u00e7\u00e3o de arma\u00e7\u00f5es modernas e lentes de alta qualidade para atender \u00e0s suas necessidades visuais.<\/p>\t\t\t\t\t\t\t\t<\/div>\n\t\t\t\t<\/div>\n\t\t\t\t<div class=\"elementor-element elementor-element-c3c60ee elementor-widget elementor-widget-image\" data-id=\"c3c60ee\" data-element_type=\"widget\" data-widget_type=\"image.default\">\n\t\t\t\t<div class=\"elementor-widget-container\">\n\t\t\t\t\t\t\t\t\t\t\t\t\t\t\t<img fetchpriority=\"high\" decoding=\"async\" width=\"300\" height=\"168\" src=\"https:\/\/opticalojadafabrica.com.br\/wp-content\/uploads\/2018\/02\/oculos.jpg\" class=\"attachment-large size-large wp-image-40\" alt=\"\" \/>\t\t\t\t\t\t\t\t\t\t\t\t\t\t\t<\/div>\n\t\t\t\t<\/div>\n\t\t\t\t<div class=\"elementor-element elementor-element-aa5ed76 elementor-widget elementor-widget-text-editor\" data-id=\"aa5ed76\" data-element_type=\"widget\" data-widget_type=\"text-editor.default\">\n\t\t\t\t<div class=\"elementor-widget-container\">\n\t\t\t\t\t\t\t\t\t<p><strong>\u00d3culos de Sol:<\/strong> Proteja seus olhos com estilo! Temos os \u00f3culos de sol mais elegantes e funcionais para voc\u00ea.<\/p>\t\t\t\t\t\t\t\t<\/div>\n\t\t\t\t<\/div>\n\t\t\t\t<div class=\"elementor-element elementor-element-ed17dad elementor-widget elementor-widget-text-editor\" data-id=\"ed17dad\" data-element_type=\"widget\" data-widget_type=\"text-editor.default\">\n\t\t\t\t<div class=\"elementor-widget-container\">\n\t\t\t\t\t\t\t\t\t<p><strong>\u00d3culos Esportivos<\/strong>: Para os atletas e entusiastas do esporte, temos \u00f3culos projetados para desempenho e conforto.<\/p>\t\t\t\t\t\t\t\t<\/div>\n\t\t\t\t<\/div>\n\t\t\t\t<div class=\"elementor-element elementor-element-c146eb1 elementor-widget elementor-widget-image\" data-id=\"c146eb1\" data-element_type=\"widget\" data-widget_type=\"image.default\">\n\t\t\t\t<div class=\"elementor-widget-container\">\n\t\t\t\t\t\t\t\t\t\t\t\t\t\t\t<img decoding=\"async\" width=\"474\" height=\"231\" src=\"https:\/\/opticalojadafabrica.com.br\/wp-content\/uploads\/2024\/09\/nov3.jpg\" class=\"attachment-large size-large wp-image-107\" alt=\"\" srcset=\"https:\/\/opticalojadafabrica.com.br\/wp-content\/uploads\/2024\/09\/nov3.jpg 474w, https:\/\/opticalojadafabrica.com.br\/wp-content\/uploads\/2024\/09\/nov3-300x146.jpg 300w\" sizes=\"(max-width: 474px) 100vw, 474px\" \/>\t\t\t\t\t\t\t\t\t\t\t\t\t\t\t<\/div>\n\t\t\t\t<\/div>\n\t\t\t\t<div class=\"elementor-element elementor-element-a0ff646 elementor-widget elementor-widget-image\" data-id=\"a0ff646\" data-element_type=\"widget\" data-widget_type=\"image.default\">\n\t\t\t\t<div class=\"elementor-widget-container\">\n\t\t\t\t\t\t\t\t\t\t\t\t\t\t\t<img decoding=\"async\" width=\"600\" height=\"365\" src=\"https:\/\/opticalojadafabrica.com.br\/wp-content\/uploads\/2024\/09\/captura-de-tela-2015-02-26-A-s-134201.jpg\" class=\"attachment-large size-large wp-image-109\" alt=\"\" srcset=\"https:\/\/opticalojadafabrica.com.br\/wp-content\/uploads\/2024\/09\/captura-de-tela-2015-02-26-A-s-134201.jpg 600w, https:\/\/opticalojadafabrica.com.br\/wp-content\/uploads\/2024\/09\/captura-de-tela-2015-02-26-A-s-134201-300x183.jpg 300w\" sizes=\"(max-width: 600px) 100vw, 600px\" \/>\t\t\t\t\t\t\t\t\t\t\t\t\t\t\t<\/div>\n\t\t\t\t<\/div>\n\t\t\t\t<\/div>\n\t\t\t\t\t<\/div>\n\t\t\t\t<\/div>\n\t\t<div class=\"elementor-element elementor-element-c2650bb e-grid e-con-boxed e-con e-parent\" data-id=\"c2650bb\" data-element_type=\"container\">\n\t\t\t\t\t<div class=\"e-con-inner\">\n\t\t\t\t<div class=\"elementor-element elementor-element-d697ee8 elementor-widget elementor-widget-image\" data-id=\"d697ee8\" data-element_type=\"widget\" data-widget_type=\"image.default\">\n\t\t\t\t<div class=\"elementor-widget-container\">\n\t\t\t\t\t\t\t\t\t\t\t\t\t\t\t<img loading=\"lazy\" decoding=\"async\" width=\"640\" height=\"853\" src=\"https:\/\/opticalojadafabrica.com.br\/wp-content\/uploads\/2024\/09\/WhatsApp-Image-2024-09-23-at-13.29.24-768x1024.jpeg\" class=\"attachment-large size-large wp-image-176\" alt=\"\" srcset=\"https:\/\/opticalojadafabrica.com.br\/wp-content\/uploads\/2024\/09\/WhatsApp-Image-2024-09-23-at-13.29.24-768x1024.jpeg 768w, https:\/\/opticalojadafabrica.com.br\/wp-content\/uploads\/2024\/09\/WhatsApp-Image-2024-09-23-at-13.29.24-225x300.jpeg 225w, https:\/\/opticalojadafabrica.com.br\/wp-content\/uploads\/2024\/09\/WhatsApp-Image-2024-09-23-at-13.29.24-1152x1536.jpeg 1152w, https:\/\/opticalojadafabrica.com.br\/wp-content\/uploads\/2024\/09\/WhatsApp-Image-2024-09-23-at-13.29.24-1536x2048.jpeg 1536w, https:\/\/opticalojadafabrica.com.br\/wp-content\/uploads\/2024\/09\/WhatsApp-Image-2024-09-23-at-13.29.24-1000x1333.jpeg 1000w, https:\/\/opticalojadafabrica.com.br\/wp-content\/uploads\/2024\/09\/WhatsApp-Image-2024-09-23-at-13.29.24-230x307.jpeg 230w, https:\/\/opticalojadafabrica.com.br\/wp-content\/uploads\/2024\/09\/WhatsApp-Image-2024-09-23-at-13.29.24-350x467.jpeg 350w, https:\/\/opticalojadafabrica.com.br\/wp-content\/uploads\/2024\/09\/WhatsApp-Image-2024-09-23-at-13.29.24-480x640.jpeg 480w, https:\/\/opticalojadafabrica.com.br\/wp-content\/uploads\/2024\/09\/WhatsApp-Image-2024-09-23-at-13.29.24-scaled.jpeg 1920w\" sizes=\"(max-width: 640px) 100vw, 640px\" \/>\t\t\t\t\t\t\t\t\t\t\t\t\t\t\t<\/div>\n\t\t\t\t<\/div>\n\t\t\t\t<div class=\"elementor-element elementor-element-1213e0b elementor-widget elementor-widget-image\" data-id=\"1213e0b\" data-element_type=\"widget\" data-widget_type=\"image.default\">\n\t\t\t\t<div class=\"elementor-widget-container\">\n\t\t\t\t\t\t\t\t\t\t\t\t\t\t\t<img loading=\"lazy\" decoding=\"async\" width=\"640\" height=\"853\" src=\"https:\/\/opticalojadafabrica.com.br\/wp-content\/uploads\/2024\/09\/WhatsApp-Image-2024-09-23-at-13.29.27-1-768x1024.jpeg\" class=\"attachment-large size-large wp-image-177\" alt=\"\" srcset=\"https:\/\/opticalojadafabrica.com.br\/wp-content\/uploads\/2024\/09\/WhatsApp-Image-2024-09-23-at-13.29.27-1-768x1024.jpeg 768w, https:\/\/opticalojadafabrica.com.br\/wp-content\/uploads\/2024\/09\/WhatsApp-Image-2024-09-23-at-13.29.27-1-225x300.jpeg 225w, https:\/\/opticalojadafabrica.com.br\/wp-content\/uploads\/2024\/09\/WhatsApp-Image-2024-09-23-at-13.29.27-1-1152x1536.jpeg 1152w, https:\/\/opticalojadafabrica.com.br\/wp-content\/uploads\/2024\/09\/WhatsApp-Image-2024-09-23-at-13.29.27-1-1536x2048.jpeg 1536w, https:\/\/opticalojadafabrica.com.br\/wp-content\/uploads\/2024\/09\/WhatsApp-Image-2024-09-23-at-13.29.27-1-1000x1333.jpeg 1000w, https:\/\/opticalojadafabrica.com.br\/wp-content\/uploads\/2024\/09\/WhatsApp-Image-2024-09-23-at-13.29.27-1-230x307.jpeg 230w, https:\/\/opticalojadafabrica.com.br\/wp-content\/uploads\/2024\/09\/WhatsApp-Image-2024-09-23-at-13.29.27-1-350x467.jpeg 350w, https:\/\/opticalojadafabrica.com.br\/wp-content\/uploads\/2024\/09\/WhatsApp-Image-2024-09-23-at-13.29.27-1-480x640.jpeg 480w, https:\/\/opticalojadafabrica.com.br\/wp-content\/uploads\/2024\/09\/WhatsApp-Image-2024-09-23-at-13.29.27-1-scaled.jpeg 1920w\" sizes=\"(max-width: 640px) 100vw, 640px\" \/>\t\t\t\t\t\t\t\t\t\t\t\t\t\t\t<\/div>\n\t\t\t\t<\/div>\n\t\t\t\t<div class=\"elementor-element elementor-element-3d064d4 elementor-widget elementor-widget-image\" data-id=\"3d064d4\" data-element_type=\"widget\" data-widget_type=\"image.default\">\n\t\t\t\t<div class=\"elementor-widget-container\">\n\t\t\t\t\t\t\t\t\t\t\t\t\t\t\t<img loading=\"lazy\" decoding=\"async\" width=\"640\" height=\"853\" src=\"https:\/\/opticalojadafabrica.com.br\/wp-content\/uploads\/2024\/09\/WhatsApp-Image-2024-09-23-at-13.29.30-1-768x1024.jpeg\" class=\"attachment-large size-large wp-image-178\" alt=\"\" srcset=\"https:\/\/opticalojadafabrica.com.br\/wp-content\/uploads\/2024\/09\/WhatsApp-Image-2024-09-23-at-13.29.30-1-768x1024.jpeg 768w, https:\/\/opticalojadafabrica.com.br\/wp-content\/uploads\/2024\/09\/WhatsApp-Image-2024-09-23-at-13.29.30-1-225x300.jpeg 225w, https:\/\/opticalojadafabrica.com.br\/wp-content\/uploads\/2024\/09\/WhatsApp-Image-2024-09-23-at-13.29.30-1-1152x1536.jpeg 1152w, https:\/\/opticalojadafabrica.com.br\/wp-content\/uploads\/2024\/09\/WhatsApp-Image-2024-09-23-at-13.29.30-1-1536x2048.jpeg 1536w, https:\/\/opticalojadafabrica.com.br\/wp-content\/uploads\/2024\/09\/WhatsApp-Image-2024-09-23-at-13.29.30-1-1000x1333.jpeg 1000w, https:\/\/opticalojadafabrica.com.br\/wp-content\/uploads\/2024\/09\/WhatsApp-Image-2024-09-23-at-13.29.30-1-230x307.jpeg 230w, https:\/\/opticalojadafabrica.com.br\/wp-content\/uploads\/2024\/09\/WhatsApp-Image-2024-09-23-at-13.29.30-1-350x467.jpeg 350w, https:\/\/opticalojadafabrica.com.br\/wp-content\/uploads\/2024\/09\/WhatsApp-Image-2024-09-23-at-13.29.30-1-480x640.jpeg 480w, https:\/\/opticalojadafabrica.com.br\/wp-content\/uploads\/2024\/09\/WhatsApp-Image-2024-09-23-at-13.29.30-1-scaled.jpeg 1920w\" sizes=\"(max-width: 640px) 100vw, 640px\" \/>\t\t\t\t\t\t\t\t\t\t\t\t\t\t\t<\/div>\n\t\t\t\t<\/div>\n\t\t\t\t<div class=\"elementor-element elementor-element-c88d90e elementor-widget elementor-widget-image\" data-id=\"c88d90e\" data-element_type=\"widget\" data-widget_type=\"image.default\">\n\t\t\t\t<div class=\"elementor-widget-container\">\n\t\t\t\t\t\t\t\t\t\t\t\t\t\t\t<img loading=\"lazy\" decoding=\"async\" width=\"640\" height=\"853\" src=\"https:\/\/opticalojadafabrica.com.br\/wp-content\/uploads\/2024\/09\/WhatsApp-Image-2024-09-23-at-13.29.30-768x1024.jpeg\" class=\"attachment-large size-large wp-image-180\" alt=\"\" srcset=\"https:\/\/opticalojadafabrica.com.br\/wp-content\/uploads\/2024\/09\/WhatsApp-Image-2024-09-23-at-13.29.30-768x1024.jpeg 768w, https:\/\/opticalojadafabrica.com.br\/wp-content\/uploads\/2024\/09\/WhatsApp-Image-2024-09-23-at-13.29.30-225x300.jpeg 225w, https:\/\/opticalojadafabrica.com.br\/wp-content\/uploads\/2024\/09\/WhatsApp-Image-2024-09-23-at-13.29.30-1152x1536.jpeg 1152w, https:\/\/opticalojadafabrica.com.br\/wp-content\/uploads\/2024\/09\/WhatsApp-Image-2024-09-23-at-13.29.30-1536x2048.jpeg 1536w, https:\/\/opticalojadafabrica.com.br\/wp-content\/uploads\/2024\/09\/WhatsApp-Image-2024-09-23-at-13.29.30-1000x1333.jpeg 1000w, https:\/\/opticalojadafabrica.com.br\/wp-content\/uploads\/2024\/09\/WhatsApp-Image-2024-09-23-at-13.29.30-230x307.jpeg 230w, https:\/\/opticalojadafabrica.com.br\/wp-content\/uploads\/2024\/09\/WhatsApp-Image-2024-09-23-at-13.29.30-350x467.jpeg 350w, https:\/\/opticalojadafabrica.com.br\/wp-content\/uploads\/2024\/09\/WhatsApp-Image-2024-09-23-at-13.29.30-480x640.jpeg 480w, https:\/\/opticalojadafabrica.com.br\/wp-content\/uploads\/2024\/09\/WhatsApp-Image-2024-09-23-at-13.29.30-scaled.jpeg 1920w\" sizes=\"(max-width: 640px) 100vw, 640px\" \/>\t\t\t\t\t\t\t\t\t\t\t\t\t\t\t<\/div>\n\t\t\t\t<\/div>\n\t\t\t\t<div class=\"elementor-element elementor-element-640389b elementor-widget elementor-widget-image\" data-id=\"640389b\" data-element_type=\"widget\" data-widget_type=\"image.default\">\n\t\t\t\t<div class=\"elementor-widget-container\">\n\t\t\t\t\t\t\t\t\t\t\t\t\t\t\t<img loading=\"lazy\" decoding=\"async\" width=\"640\" height=\"853\" src=\"https:\/\/opticalojadafabrica.com.br\/wp-content\/uploads\/2024\/09\/WhatsApp-Image-2024-09-23-at-13.29.31-768x1024.jpeg\" class=\"attachment-large size-large wp-image-181\" alt=\"\" srcset=\"https:\/\/opticalojadafabrica.com.br\/wp-content\/uploads\/2024\/09\/WhatsApp-Image-2024-09-23-at-13.29.31-768x1024.jpeg 768w, https:\/\/opticalojadafabrica.com.br\/wp-content\/uploads\/2024\/09\/WhatsApp-Image-2024-09-23-at-13.29.31-225x300.jpeg 225w, https:\/\/opticalojadafabrica.com.br\/wp-content\/uploads\/2024\/09\/WhatsApp-Image-2024-09-23-at-13.29.31-1152x1536.jpeg 1152w, https:\/\/opticalojadafabrica.com.br\/wp-content\/uploads\/2024\/09\/WhatsApp-Image-2024-09-23-at-13.29.31-1536x2048.jpeg 1536w, https:\/\/opticalojadafabrica.com.br\/wp-content\/uploads\/2024\/09\/WhatsApp-Image-2024-09-23-at-13.29.31-1000x1333.jpeg 1000w, https:\/\/opticalojadafabrica.com.br\/wp-content\/uploads\/2024\/09\/WhatsApp-Image-2024-09-23-at-13.29.31-230x307.jpeg 230w, https:\/\/opticalojadafabrica.com.br\/wp-content\/uploads\/2024\/09\/WhatsApp-Image-2024-09-23-at-13.29.31-350x467.jpeg 350w, https:\/\/opticalojadafabrica.com.br\/wp-content\/uploads\/2024\/09\/WhatsApp-Image-2024-09-23-at-13.29.31-480x640.jpeg 480w, https:\/\/opticalojadafabrica.com.br\/wp-content\/uploads\/2024\/09\/WhatsApp-Image-2024-09-23-at-13.29.31-scaled.jpeg 1920w\" sizes=\"(max-width: 640px) 100vw, 640px\" \/>\t\t\t\t\t\t\t\t\t\t\t\t\t\t\t<\/div>\n\t\t\t\t<\/div>\n\t\t\t\t<div class=\"elementor-element elementor-element-42f69b5 elementor-widget elementor-widget-image\" data-id=\"42f69b5\" data-element_type=\"widget\" data-widget_type=\"image.default\">\n\t\t\t\t<div class=\"elementor-widget-container\">\n\t\t\t\t\t\t\t\t\t\t\t\t\t\t\t<img loading=\"lazy\" decoding=\"async\" width=\"640\" height=\"853\" src=\"https:\/\/opticalojadafabrica.com.br\/wp-content\/uploads\/2024\/09\/WhatsApp-Image-2024-09-23-at-13.29.32-768x1024.jpeg\" class=\"attachment-large size-large wp-image-182\" alt=\"\" srcset=\"https:\/\/opticalojadafabrica.com.br\/wp-content\/uploads\/2024\/09\/WhatsApp-Image-2024-09-23-at-13.29.32-768x1024.jpeg 768w, https:\/\/opticalojadafabrica.com.br\/wp-content\/uploads\/2024\/09\/WhatsApp-Image-2024-09-23-at-13.29.32-225x300.jpeg 225w, https:\/\/opticalojadafabrica.com.br\/wp-content\/uploads\/2024\/09\/WhatsApp-Image-2024-09-23-at-13.29.32-1152x1536.jpeg 1152w, https:\/\/opticalojadafabrica.com.br\/wp-content\/uploads\/2024\/09\/WhatsApp-Image-2024-09-23-at-13.29.32-1536x2048.jpeg 1536w, https:\/\/opticalojadafabrica.com.br\/wp-content\/uploads\/2024\/09\/WhatsApp-Image-2024-09-23-at-13.29.32-1000x1333.jpeg 1000w, https:\/\/opticalojadafabrica.com.br\/wp-content\/uploads\/2024\/09\/WhatsApp-Image-2024-09-23-at-13.29.32-230x307.jpeg 230w, https:\/\/opticalojadafabrica.com.br\/wp-content\/uploads\/2024\/09\/WhatsApp-Image-2024-09-23-at-13.29.32-350x467.jpeg 350w, https:\/\/opticalojadafabrica.com.br\/wp-content\/uploads\/2024\/09\/WhatsApp-Image-2024-09-23-at-13.29.32-480x640.jpeg 480w, https:\/\/opticalojadafabrica.com.br\/wp-content\/uploads\/2024\/09\/WhatsApp-Image-2024-09-23-at-13.29.32-scaled.jpeg 1920w\" sizes=\"(max-width: 640px) 100vw, 640px\" \/>\t\t\t\t\t\t\t\t\t\t\t\t\t\t\t<\/div>\n\t\t\t\t<\/div>\n\t\t\t\t\t<\/div>\n\t\t\t\t<\/div>\n\t\t\t\t<\/div>\n\t\t","protected":false},"excerpt":{"rendered":"<p>\u00d3culos de Grau: Oferecemos uma ampla sele\u00e7\u00e3o de arma\u00e7\u00f5es modernas e lentes de alta qualidade para atender \u00e0s suas necessidades visuais. \u00d3culos<\/p>\n<p class=\"link-more\"><a class=\"myButt \" href=\"https:\/\/opticalojadafabrica.com.br\/?page_id=29\">Read More<\/a><\/p>\n","protected":false},"author":4,"featured_media":0,"parent":0,"menu_order":0,"comment_status":"closed","ping_status":"closed","template":"","meta":{"footnotes":""},"class_list":["post-29","page","type-page","status-publish","hentry"],"_links":{"self":[{"href":"https:\/\/opticalojadafabrica.com.br\/index.php?rest_route=\/wp\/v2\/pages\/29","targetHints":{"allow":["GET"]}}],"collection":[{"href":"https:\/\/opticalojadafabrica.com.br\/index.php?rest_route=\/wp\/v2\/pages"}],"about":[{"href":"https:\/\/opticalojadafabrica.com.br\/index.php?rest_route=\/wp\/v2\/types\/page"}],"author":[{"embeddable":true,"href":"https:\/\/opticalojadafabrica.com.br\/index.php?rest_route=\/wp\/v2\/users\/4"}],"replies":[{"embeddable":true,"href":"https:\/\/opticalojadafabrica.com.br\/index.php?rest_route=%2Fwp%2Fv2%2Fcomments&post=29"}],"version-history":[{"count":22,"href":"https:\/\/opticalojadafabrica.com.br\/index.php?rest_route=\/wp\/v2\/pages\/29\/revisions"}],"predecessor-version":[{"id":218,"href":"https:\/\/opticalojadafabrica.com.br\/index.php?rest_route=\/wp\/v2\/pages\/29\/revisions\/218"}],"wp:attachment":[{"href":"https:\/\/opticalojadafabrica.com.br\/index.php?rest_route=%2Fwp%2Fv2%2Fmedia&parent=29"}],"curies":[{"name":"wp","href":"https:\/\/api.w.org\/{rel}","templated":true}]}}